-20070505
In base 2, what is -111000110000101 + -110?
-111000110001011
In base 2, what is 10001000101 - 1000101?
10000000000
In base 6, what is 1201 - -415?
2020
In base 2, what is -1010 - -11111110010011?
11111110001001
In base 12, what is a + -5a5?
-597
In base 4, what is 0 - 111030221?
-111030221
In base 7, what is -4 + -33325?
-33332
In base 14, what is -4a31 - a4?
-4ad5
In base 12, what is b + -9b2?
-9a3
In base 11, what is -548 - -547?
-1
In base 15, what is 7 - -7b4d8?
7b4e0
In base 10, what is 136 + -713?
-577
In base 7, what is 11 + -504541?
-504530
In base 12, what is 1 + 14?
15
In base 8, what is 3067274 + 1?
3067275
In base 8, what is -1777 + 22?
-1755
In base 11, what is 90 - -aa35?
10015
In base 7, what is -2112 - 4255?
-6400
In base 13, what is -a5 - 67?
-13c
In base 10, what is -3 - 54607?
-54610
In base 8, what is -1153 + -462?
-1635
In base 13, what is -147929 - -3?
-147926
In base 16, what is 1920 + f5?
1a15
In base 4, what is 3 + 21033230?
21033233
In base 10, what is 129 + 24554?
24683
In base 9, what is 13107 - -5?
13113
In base 3, what is -20 + -222000021001?
-222000021021
In base 15, what is -c + ce60?
ce53
In base 4, what is 1023 - 2311?
-1222
In base 14, what is 0 - 187546?
-187546
In base 13, what is -646 - -c26?
5b0
In base 8, what is 0 - 53164?
-53164
In base 5, what is -33120 - -342?
-32223
In base 11, what is 325 + -261?
74
In base 6, what is -12302 + -2034?
-14340
In base 16, what is e + 770?
77e
In base 5, what is 203003 - 110?
202343
In base 4, what is 101100322 + 10?
101100332
In base 6, what is 11132 + 315?
11451
In base 8, what is 4 + -43741?
-43735
In base 4, what is -3300 - -102?
-3132
In base 11, what is 55 + -28a4?
-284a
In base 7, what is 4412335 - 2?
4412333
In base 11, what is -5172435 + -3?
-5172438
In base 3, what is -110112 + 12111101?
12000212
In base 11, what is -2569 + 5?
-2564
In base 3, what is 12021 - -2101?
21122
In base 4, what is 1103 - 21100?
-13331
In base 3, what is 1010022222 + -2?
1010022220
In base 3, what is 20 - 20202202021?
-20202202001
In base 8, what is -7742 - 4?
-7746
In base 4, what is 213 - -2113?
2332
In base 10, what is 354084 - 6?
354078
In base 7, what is -132 + -1446?
-1611
In base 14, what is -85 - -284?
1dd
In base 2, what is 0 + -110110001000111?
-110110001000111
In base 4, what is -13 + -102101332?
-102102011
In base 2, what is 10100001 - 10100101010?
-10010001001
In base 3, what is 1101112001 + 11?
1101112012
In base 12, what is 5 - 79b98?
-79b93
In base 5, what is 1332422 - 11?
1332411
In base 2, what is -101 - -10111101010101001?
10111101010100100
In base 12, what is -5 - 25343?
-25348
In base 5, what is 11420 - 2?
11413
In base 3, what is -1022 - 11020?
-12112
In base 5, what is -12204 - 203?
-12412
In base 8, what is -5652 + 4?
-5646
In base 10, what is 80 - -317?
397
In base 7, what is -53164536 + 1?
-53164535
In base 10, what is 427 + -589?
-162
In base 3, what is 12011221101100 - -11?
12011221101111
In base 14, what is -405b + 6b?
-3dd0
In base 11, what is -9 - 45852?
-45860
In base 15, what is 373e - ca?
3664
In base 14, what is 41 - -3313?
3354
In base 13, what is -2cc1 - -3a?
-2c84
In base 2, what is 11011001 + -100?
11010101
In base 13, what is 5 - bbc?
-bb7
In base 10, what is 1 + -24234?
-24233
In base 5, what is -2242213 + -2?
-2242220
In base 2, what is -100111101 - -11011100?
-1100001
In base 12, what is 784 - 63?
721
In base 6, what is -2101 - 2443?
-4544
In base 8, what is -3537 - -253?
-3264
In base 11, what is 280 - 18a?
a1
In base 14, what is b1 + -14b?
-7a
In base 9, what is 53 - 660?
-606
In base 14, what is -1a4 - b9?
-27d
In base 5, what is -2 - -133233144?
133233142
In base 10, what is -21 - -2145?
2124
In base 13, what is 88152 + 3?
88155
In base 5, what is 21300 + -1300?
20000
In base 10, what is -1090 + -28?
-1118
In base 2, what is 100 + 110100000101?
110100001001
In base 15, what is a7225 - 0?
a7225
In base 15, what is 3 - 2202?
-21ee
In base 6, what is 104 - 120035?
-115531
In base 5, what is -134 - 34332?
-40021
In base 7, what is 53222 + -26?
53163
In base 13, what is -18 - 132?
-14a
In base 14, what is -1 + 2b20?
2b1d
In base 15, what is -1a31d7 + 1?
-1a31d6
In base 6, what is -1405325 + -5?
-1405334
In base 3, what is 12 + -201102201120?
-201102201101
In base 14, what is -170a59 + 5?
-170a54
In base 7, what is -452 + 1101?
316
In base 2, what is -11010 + 10111001010011?
10111000111001
In base 5, what is -4 + 1110424?
1110420
In base 14, what is 5 + 12344?
12349
In base 14, what is 1aa + 38?
204
In base 5, what is 102 + 3120141?
3120243
In base 11, what is 154 - 75?
8a
In base 13, what is 4 + -2a07?
-2a03
In base 14, what is 25c3b5 + 4?
25c3b9
In base 2, what is 10 - -10101001011011100?
10101001011011110
In base 11, what is 4 + 23282?
23286
In base 15, what is 40b - b7?
344
In base 13, what is -42c - -148?
-2b4
In base 16, what is -68 - -297f?
2917
In base 4, what is 100300211 - -222?
100301033
In base 12, what is 14465 + -3?
14462
In base 14, what is -41d - 70c?
-b2b
In base 9, what is -2 + -2123408?
-2123411
In base 4, what is 13 + 200033?
200112
In base 3, what is 1101 - 1200000022?
-1122221221
In base 14, what is 229bdd + 0?
229bdd
In base 14, what is 3279 + 0?
3279
In base 8, what is 1550 - -3665?
5435
In base 11, what is -4 + 54181?
54178
In base 6, what is 3 + -1034134?
-1034131
In base 13, what is 32a5 + -4?
32a1
In base 7, what is 113021 - -23?
113044
In base 16, what is -1c0d - 2?
-1c0f
In base 10, what is 25179 + 24?
25203
In base 15, what is -14ea + -6e?
-1569
In base 11, what is -60387 + 5?
-60382
In base 12, what is 0 - 7110?
-7110
In base 13, what is 67b066 + -3?
67b063
In base 8, what is 55 + 110647?
110724
In base 7, what is -332540 - 3?
-332543
In base 8, what is 7 + 26050?
26057
In base 16, what is -3a + -e5?
-11f
In base 8, what is 16716510 + 1?
16716511
In base 13, what is -21 - 38a9?
-38ca
In base 8, what is 107 - -3463?
3572
In base 3, what is -1110210220 + 201?
-1110210012
In base 6, what is -4 + 2445120?
2445112
In base 6, what is 121553 - 345?
121204
In base 8, what is 37713 + 351?
40264
In base 6, what is -21521351 - -1?
-21521350
In base 10, what is 252 + 54?
306
In base 4, what is -10 - -2121022?
2121012
In base 7, what is 3 - 1320666?
-1320663
In base 10, what is -20 + -25466?
-25486
In base 2, what is -1000101010110001110 + 101?
-1000101010110001001
In base 3, what is 110 - -12001001?
12001111
In base 4, what is 101123 - 312?
100211
In base 11, what is -2 + -250012?
-250014
In base 14, what is -68488 - 2?
-6848a
In base 9, what is 632 - -361?
1103
In base 9, what is -5 + 125138?
125133
In base 8, what is -5 + -144723?
-144730
In base 16, what is e - ca0d?
-c9ff
In base 3, what is -11 + -120102010120?
-120102010201
In base 4, what is -3 - 1320130310?
-1320130313
In base 5, what is 4220 - 214?
4001
In base 8, what is -1275 - 1314?
-2611
In base 15, what is 95 + 1a?
b0
In base 10, what is 43791 + -69?
43722
In base 15, what is 41d2c - 5?
41d27
In base 16, what is 0 + c684?
c684
In base 12, what is -3aa1 - -27?
-3a76
In base 6, what is 4220 + 142?
4402
In base 2, what is -100 - 100101111011100?
-100101111100000
In base 15, what is -d - 1067a?
-10688
In base 5, what is 10 - 124424?
-124414
In base 6, what is -100440 + -244?
-101124
In base 2, what is 101010 + 1110110001000110?
1110110001110000
In base 11, what is -864 - -68?
-7a7
In base 5, what is 1021100 + 22?
1021122
In base 8, what is -2 + -203?
-205
In base 7, what is 231616 - -2?
231621
In base 8, what is -14 - 3036?
-3052
In base 11, what is 1 - 30074?
-30073
In base 13, what is -763 - -76?
-6ba
In base 10, what is -2 + -17242?
-17244
In base 10, what is 2309 + -228?
2081
In base 10, what is 58 + -9854?
-9796
In base 12, what is 1143 - -5?
1148
In base 13, what is -5 - 3a27b?
-3a283
In base 14, what is 5185 + -b?
5178
In base 6, what is -52224 + -33?
-52301
In base 13, what is 54 + 15b95?
15c19
In base 13, what is 99 - -ba?
186
In base 7, what is 5 + 20531?
20536
In base 5, what is -132 + 1303204?
1303022
In base 6, what is 355234 + 3?
355241
In base 14, what is -118 + -3598?
-36b2
In base 4, what is 320 + -123?
131
In base 7, what is 10 - 1505634?
-1505624
In base 6, what is 2122052 - 135?
2121513
In base 6, what is 522541 + 10?
522551
In ba